 remainder when 107 is divided by y?
9
Suppose -1794*b = -1790*b - 252. Calculate the remainder when 1439 is divided by b.
53
Suppose 927*w + 13755 = 942*w. What is the remainder when w is divided by 23?
20
Let j be (195/(-20) - -5)/((-4)/32). Suppose -8*i = -142 + j. What is the remainder when i is divided by 1*9 - 0/(-1)?
4
Suppose 5*l - 3*d = 28, -8754 + 8782 = 2*l + 3*d. Calculate the remainder when 182 is divided by l.
6
Let g = 30 + -26. Let t = 21 - 17. Suppose p + 2*x + t = 0, -2*p - 5*x - 1 = 10. Calculate the remainder when g is divided by p.
0
Suppose 0 = 4*b - 20, 5*v = -0*v - 3*b + 145. Suppose -v*u - 162 = -28*u. Calculate the remainder when u is divided by 17.
13
Suppose 0 = -5*j - r - 300, -5*j - 26*r + 29*r - 280 = 0. Let f = j - -198. What is the remainder when f is divided by (2 - -8)*(-28)/(-10)?
27
Suppose 2*a - 1 = 13. What is the remainder when (-4)/(-12) - 130/(-15) is divided by (6/a)/((-3)/(-14))?
1
Let c(r) = 296*r + 1320. Calculate the remainder when c(-4) is divided by 124.
12
What is the remainder when (11/(-66))/(5*9/(-3220290)) is divided by 84?
83
Let o = -310 - 83. Let q = -240 - o. What is the remainder when q is divided by 31?
29
Let c(v) = v**2 + v + 109. Let p(w) = -78*w**2 + 467*w + 35. What is the remainder when c(0) is divided by p(6)?
22
Suppose b = -r + 499, -35*b - r - 2537 = -40*b. What is the remainder when b is divided by 16?
10
Suppose z + 3 = h + 4, 2*h - 3 = -3*z. Let c(d) = d + 12. Let f(m) = 4*m + 32. Let p(q) = -11*c(q) + 4*f(q). What is the remainder when z is divided by p(1)?
0
Let w(o) = 3*o**2 + 14*o - 141. Calculate the remainder when w(9) is divided by 77.
74
Let g = 5830 + -5779. Calculate the remainder when 1660 is divided by g.
28
Let b = 22 - -126. Let p = -93 + b. Calculate the remainder when 383 is divided by p.
53
Calculate the remainder when 16 is divided by -6*(13 - 12)*-1.
4
Suppose 2*l - 296 + 162 = -2*d, -d + 71 = -3*l. Calculate the remainder when 1025 is divided by d.
5
Let n be (4/3)/(25/75). Suppose 3*w - 4*w - 3*y - 6 = 0, -n*y = 16. Let q(x) = x**3 - 5*x**2 + 2*x + 14. Calculate the remainder when q(w) is divided by 21.
20
Let i(s) = s**3 + 3*s + 8. Let l be i(5). Suppose l*q - 144*q = 160. Calculate the remainder when 155 is divided by q.
35
Suppose -6*c = -c - 1425. Suppose -2*q = -7*q - c. Let t = -46 - q. Calculate the remainder when 64 is divided by t.
9
Let m = -309 + 336. Let n = -25 + 21. What is the remainder when m is divided by (-16*2/n)/2?
3
Suppose -8*w + 5*w + 40 = 4*j, -w + 40 = 4*j. What is the remainder when 514 is divided by j?
4
Let a = 224 + -208. Let z = 40 - -81. Calculate the remainder when z is divided by a.
9
Let x(t) = -79*t - 668. What is the remainder when x(-10) is divided by 107?
15
Let w = 11197 - -12610. Calculate the remainder when w is divided by 31.
30
Let p be (-196)/(-49) - 2/2*1. Suppose 0 = -2*g - 2*g + p*k + 146, -g + 40 = k. Calculate the remainder when g is divided by 8.
6
Let f = -154 + 153. Calculate the remainder when 4 is divided by 6/(-2) + (-6)/f.
1
Let j(t) = -t + 4. Let z be j(4). Suppose -3*o = z, -g + 0*g - 51 = -3*o. Let v = g - -55. Calculate the remainder when 23 is divided by v.
3
Let v(u) = u**2 + 8*u + 43. Let i be v(-10). Let n = 574 + 445. What is the remainder when i/147 + n/7 is divided by 50?
46
Suppose -3*y - 12 = 0, 9*g - 4*y - 501 = 4*g. What is the remainder when g is divided by 14?
13
Let y be 5*(20/16 + (-2)/8). Suppose 2*z - 3*z + y*m - 9 = 0, 0 = m - 2. Calculate the remainder when 45 is divided by (z - -3) + 7/(35/60).
13
Let k(b) = -18*b + 105. Let t = -359 - -376. What is the remainder when k(-8) is divided by t?
11
Suppose -4*u + o + 5191 = 0, -751*u - 4*o = -755*u + 5200. What is the remainder when u is divided by 100?
97
Let u(j) = j**3 + 11*j**2 + 18*j + 37. What is the remainder when 1751 is divided by u(-9)?
12
Let t = -37 - -42. Let f(m) be the third derivative of -m**6/120 + m**5/10 + m**4/6 - 7*m**3/6 - 3*m**2. Calculate the remainder when 111 is divided by f(t).
35
Suppose -o + r = -55, -r = 3*r - 12. Suppose 0*d + 65 = 5*k + 2*d, 4*d = 5*k - 95. Calculate the remainder when o is divided by k.
13
Let y(p) = 20*p**2 - 175*p - 3830. What is the remainder when y(-20) is divided by 34?
20
Let t be 2 - (-4 - -5 - 4). Suppose 6*l - 3*h = 4*l + t, -2*l = 2*h. What is the remainder when ((-4)/10)/(1/(-10)) is divided by l?
0
Let r(o) = -66*o + 16. Let i(j) = 83*j**2 - 9*j + 11. Calculate the remainder when i(2) is divided by r(-1).
79
Let w(a) = -2*a + 1. Let f be w(2). Let y be (f + -4 - -4) + (-3 - 4). Calculate the remainder when 34/3*1*(-15)/y is divided by 12.
5
Suppose -8*b = -9*b - 5*k - 2, -3*b - 2*k = -20. Suppose -b*x - 155 = -2579. Calculate the remainder when x is divided by 18.
15
Let z(v) = 45 + 2 + v**2 - 17*v - 11. Let o = 20 - 4. What is the remainder when z(19) is divided by o?
10
Calculate the remainder when 3/45*2031 + (3 - (-153)/(-45)) is divided by 21.
9
Let c(h) = -2*h**2 - 11*h + 2. Let u be c(-5). Let a = 16 - u. Let s = 18 + a. What is the remainder when s is divided by 5?
2
Let c = -6958 + 9274. Calculate the remainder when c is divided by 74.
22
Suppose 4 = o + 1. Suppose -4*z - 5*l - 5 = 0, -o*l + 6 - 16 = z. Suppose 0 = -3*r - z*c + c + 56, -4*c = -r - 8. What is the remainder when r is divided by 7?
5
Suppose -70 = -s + 2*i, 0 = -4352*s + 4351*s - 5*i + 63. Calculate the remainder when s is divided by 36.
32
Suppose 9 + 67 = 8*b - 44. Suppose 5*k - 37 = -z, z + 2*z + 2*k - 46 = 0. What is the remainder when b is divided by z?
3
Let b(s) be the first derivative of -s**4/4 + 10*s**3/3 - 9*s**2/2 + 3*s + 18. Let f be b(9). Calculate the remainder when 21*64/36 + 2/f is divided by 4.
2
What is the remainder when 2863 is divided by 143/29 - (-132)/1914?
3
Suppose -5*c + 6*q = 7*q - 145, 5*c - q = 135. Suppose 0 = 5*a - x - 1077, 3*x + 363 = 4*a - 492. Calculate the remainder when a is divided by c.
20
Suppose 2*y + 23 = 3*z, 2*z = 4*y + y + 19. Suppose 4*k + 36*p - 54 = 31*p, -2*p = -2*k. What is the remainder when z is divided by k?
1
Let v = 86001 + -54144. What is the remainder when v is divided by 295?
292
Suppose 12*f - 5211 = 537. Calculate the remainder when f is divided by 128.
95
Suppose -4*t = -18 + 2. Suppose -t*y = -7*y - 3, 0 = -4*o + y + 301. What is the remainder when o is divided by 27?
21
Let j be ((-15)/(-5) - 2) + -2 - -173. Suppose 4*i - j = 3*k, -2*i - 2*k + 49 = -23. Calculate the remainder when 199 is divided by i.
39
Suppose -8*b + 21 = -b. Let f be b + -2*23 + 0. Let a = 106 + f. Calculate the remainder when a is divided by 16.
15
Let r = 92 - 6. Let n(u) = 63*u - 41. Calculate the remainder when n(6) is divided by r.
79
Suppose -5*a + 1372 = 47. Calculate the remainder when a is divided by -2 + 1 + 5 - (-15)/((-75)/(-170)).
37
Suppose 6 = -3*v + 21. Suppose 3*h = -v*d - 6, h + 3*h - 6 = -2*d. Let p(u) = u**3 + 10*u**2 - 76. What is the remainder when p(-9) is divided by h?
2
Suppose 275 = 82*k - 71*k. Suppose -5*a + 3*n + 351 = 0, 4*a - 5*a = -n - 71. What is the remainder when a is divided by k?
19
Suppose -103*t + 37*t = 29*t - 39235. What is the remainder when t is divided by 60?
53
What is the remainder when 109 is divided by -6 + (88/6)/(8/12)?
13
Let q = -268 + 607. Let g = 363 - q. Calculate the remainder when 159 is divided by g.
15
Let k = -400 + 600. Suppose -6186*v = -6291*v + 7035. What is the remainder when k is divided by v?
66
Let y = -5268 - -6073. Calculate the remainder when y is divided by 184.
69
Let h(t) = t + 15. Let p be h(-7). Let r(u) be the second derivative of u**4/6 - 2*u**3 - 13*u**2 + 4*u + 32. Calculate the remainder when r(p) is divided by 4.
2
Suppose 15*p + 30 = 5*p. What is the remainder when (-7)/((p/(-1))/(-9)) is divided by 13?
8
What is the remainder when (-15 + -1717 + -26)*-1*6/4 is divided by 51?
36
Let q = 382 + -249. Suppose 0 = 5*p - 4*z - 105, -4*p + 4*z + q = 49. Calculate the remainder when p is divided by 11.
10
Let c(h) = 2*h**2 - 7*h + 18. Suppose -2*n = 5 + 281. Let j = n - -147. What is the remainder when c(j) is divided by 6?
4
Suppose 7*n + 18 - 52 = 15. What is the remainder when (-120)/(-16)*22/3 is divided by n?
6
What is the remainder when 814 is divided by 8/(-10) + 3836/70 - 2